Is 17439469819 a prime number?
False
Is 6588734921 a composite number?
False
Is 1109543261 composite?
False
Is 172673107 a composite number?
True
Is 47679115247 prime?
False
Is 13081403789 composite?
True
Is 85950841969 composite?
True
Is 135245854097 prime?
False
Is 732549353 composite?
False
Is 16036387 a composite number?
True
Is 928348549 prime?
True
Is 1774799771 composite?
True
Is 8540063527 a prime number?
False
Is 2158836517 a prime number?
False
Is 11534714017 composite?
False
Is 3372349529 prime?
True
Is 4364043947 a composite number?
False
Is 924831881 composite?
False
Is 20837126143 composite?
True
Is 31865094067 a prime number?
False
Is 2628174949 composite?
False
Is 19829521711 a composite number?
True
Is 5005956577 prime?
False
Is 202074786253 a composite number?
True
Is 6299207333 prime?
False
Is 961669043 a composite number?
False
Is 21084467059 composite?
True
Is 133244707 prime?
True
Is 2542403519 a prime number?
True
Is 1513683217 prime?
False
Is 45019920417 composite?
True
Is 26053146897 a composite number?
True
Is 9383326457 a prime number?
False
Is 952110151 composite?
False
Is 307837949 a composite number?
False
Is 415151819 a prime number?
True
Is 47043782537 a prime number?
False
Is 1441593817 a composite number?
True
Is 463016969 composite?
False
Is 342854731 prime?
False
Is 9701499517 prime?
True
Is 1818316639 composite?
False
Is 3300639943 a prime number?
False
Is 7702688041 a composite number?
False
Is 39137152961 a prime number?
True
Is 540981299 a composite number?
False
Is 30297476549 a composite number?
False
Is 1438790513 prime?
True
Is 242167283 a composite number?
True
Is 1703044829 composite?
True
Is 25220729 composite?
False
Is 57363187807 prime?
False
Is 11172056457 a prime number?
False
Is 95794335851 prime?
False
Is 9154180149 prime?
False
Is 5478734663 a prime number?
False
Is 797468401 composite?
False
Is 667185709 a prime number?
True
Is 8198059118 prime?
False
Is 25104581233 a prime number?
False
Is 2237762459 composite?
False
Is 10483260629 a prime number?
False
Is 1245535621 a composite number?
True
Is 106301969 composite?
True
Is 11620136029 a composite number?
False
Is 21241349123 prime?
False
Is 42751041 a prime number?
False
Is 873381757 prime?
False
Is 18303949541 prime?
True
Is 15322558631 a composite number?
False
Is 5252403853 a composite number?
False
Is 202623907 prime?
True
Is 1073006887 composite?
False
Is 238516703 composite?
True
Is 63218262881 composite?
True
Is 1223636111 a composite number?
True
Is 60852373711 composite?
True
Is 2238457477 composite?
False
Is 116927263 a prime number?
True
Is 293666131349 composite?
False
Is 814968097 composite?
False
Is 2676564503 prime?
False
Is 6432985633 prime?
False
Is 4238577947 prime?
False
Is 1141782919 a prime number?
True
Is 1483651009 composite?
False
Is 204455370401 a prime number?
False
Is 4455908111 composite?
False
Is 3428794081 composite?
False
Is 205999993 a prime number?
False
Is 15319722041 a prime number?
False
Is 572182691 a composite number?
True
Is 134735835523 a prime number?
False
Is 155579756597 composite?
True
Is 42444800395 composite?
True
Is 308386339 a prime number?
True
Is 967427737 a prime number?
False
Is 263548786 a prime number?
False
Is 14366139187 prime?
False
Is 2123719739 a prime number?
True
Is 36724151143 prime?
True
Is 49861018213 a prime number?
True
Is 749834323 a composite number?
True
Is 89383273 prime?
False
Is 402203066 a prime number?
False
Is 19476923303 composite?
True
Is 23246128093 a prime number?
True
Is 43148579 a prime number?
True
Is 7877658907 a composite number?
True
Is 2656071667 a composite number?
True
Is 1659946097 a prime number?
True
Is 11238370229 prime?
False
Is 3849004993 a composite number?
True
Is 1582942723 composite?
False
Is 111902470831 a composite number?
True
Is 6435728729 a prime number?
True
Is 804853271 composite?
False
Is 48255359 prime?
True
Is 6967359863 composite?
False
Is 2797621367 a composite number?
True
Is 31000554061 a composite number?
False
Is 204224771 composite?
False
Is 20603227909 a composite number?
True
Is 31557889277 prime?
False
Is 10070395022 a composite number?
True
Is 1060109909 prime?
True
Is 818455513 prime?
True
Is 6924472771 a prime number?
True
Is 11037472319 a composite number?
False
Is 216445591 prime?
False
Is 1009236353 prime?
True
Is 1166097007 a prime number?
False
Is 7479302437 prime?
False
Is 657764813 a composite number?
False
Is 903421535 prime?
False
Is 399935134 composite?
True
Is 2860700089 composite?
True
Is 18810352039 composite?
True
Is 25218913147 a prime number?
True
Is 1409234594 a composite number?
True
Is 150465259603 a composite number?
False
Is 322794047 prime?
False
Is 12297790093 prime?
True
Is 2365657997 a composite number?
False
Is 554775313 a prime number?
False
Is 7101793501 a composite number?
True
Is 928561495 a composite number?
True
Is 203214619 a prime number?
False
Is 4493977993 prime?
False
Is 1997044507 a prime number?
True
Is 2007744029 a prime number?
False
Is 58193716561 a composite number?
True
Is 2510883523 a composite number?
False
Is 52263019969 composite?
False
Is 639752891 prime?
False
Is 321483947 a composite number?
False
Is 89693367 prime?
False
Is 4936371623 a composite number?
False
Is 2474462509 a prime number?
True
Is 187482114163 prime?
False
Is 138457819 composite?
False
Is 5184981961 a composite number?
False
Is 1305728881 a prime number?
False
Is 7811596753 prime?
False
Is 3470477149 prime?
False
Is 289204052017 prime?
True
Is 13689367001 prime?
False
Is 2135624011 composite?
False
Is 34180673591 a prime number?
True
Is 49972913 composite?
True
Is 55482914395 a prime number?
False
Is 17922311717 a composite number?
False
Is 37838407417 prime?
True
Is 13151111009 prime?
False
Is 2171107139 prime?
True
Is 30956548963 a prime number?
True
Is 776949851 composite?
True
Is 45036210253 composite?
False
Is 455896283 composite?
False
Is 63927052777 a composite number?
True
Is 2646933799 prime?
True
Is 12942638161 a composite number?
True
Is 28655623183 composite?
True
Is 458648149 composite?
False
Is 35930614729 a prime number?
False
Is 2681787817 a composite number?
True
Is 43911645613 prime?
False
Is 5891653783 a prime number?
False
Is 17020835399 a prime number?
True
Is 21724987 a composite number?
True
Is 7065915671 composite?
False
Is 966743533 prime?
False
Is 29113619783 a prime number?
True
Is 606076693 a prime number?
False
Is 2208884549 a prime number?
True
Is 725514271489 prime?
False
Is 55378648331 a composite number?
False
Is 15602210461 composite?
True
Is 1379026609 composite?
True
Is 136985411 composite?
True
Is 1520540698 composite?
True
Is 6258748973 prime?
True
Is 6920977823 a composite number?
False
Is 164937111979 prime?
True
Is 21344033989 composite?
False
Is 782538847 a prime number?
True
Is 74872558049 a composite number?
True
Is 18639883 composite?
False
Is 970382681 a composite number?
False
Is 1547510897 a composite number?
True
Is 30161505281 a prime number?
False
Is 52895741 prime?
True
Is 3162633701 prime?
True
Is 666830341 composite?
True
Is 1375658623 composite?
True
Is 34929319 prime?
False
Is 629581159 composite?
True
Is 29401849817 composite?
False
Is 8419611529 a composite number?
True
Is 153778190543 prime?
True
Is 35155831577 a composite number?
False
Is 2387832539 composite?
False
Is 6115195831 a composite number?
True
Is 872698217 composite?
True
Is 65243593 a prime number?
True
Is 6935335633 a composite number?
False
Is 1045617031 prime?
True
Is 10783473037 composite?
False
Is 117894751 a prime number?
False
Is 66039115171 a composite number?
True
Is 214253437 a prime number?
True
Is 746129893 composite?
True
Is 11237402479 composite?
True
Is 43979007194 a prime number?
False
Is 793398253 a composite number?
False
Is 44198746399 composite?
False
Is 20674507727 prime?
True
Is 19459710767 prime?
False
Is 6532702723 prime?
True
Is 527080201 a composite number?
True
Is 25139660173 composite?
True
Is 23993327 prime?
False
Is 7221466402 composite?
True
Is 66510987178 a prime number?
False
Is 73195877 a composite number?
False
Is 909934009 composite?
False
Is 165760597 a prime number?
True
Is 72729972737 a prime number?
True
Is 4644652933 a composite number?